1 - 5?
959
In base 14, what is -271 - -3?
-26c
In base 16, what is -3 - 11d?
-120
In base 5, what is 1 + 432?
433
In base 14, what is -4 + 178?
174
In base 3, what is -11110 - 0?
-11110
In base 16, what is -2 + 1de?
1dc
In base 15, what is 1 - 631?
-630
In base 5, what is -24103 - -2?
-24101
In base 15, what is 2 + a75?
a77
In base 8, what is 1 - 4157?
-4156
In base 7, what is 10 + -5?
2
In base 7, what is -2 + 120?
115
In base 9, what is 2254 + -6?
2247
In base 16, what is -1e9c - -3?
-1e99
In base 4, what is -20323213 - 10?
-20323223
In base 3, what is -12 - -121?
102
In base 11, what is 39 + 11?
4a
In base 2, what is -101 - -10000110?
10000001
In base 3, what is -12102 - -21?
-12011
In base 8, what is 4 - 2603?
-2577
In base 13, what is -1ba + 4?
-1b6
In base 4, what is 21 + 0?
21
In base 8, what is 4 + -256?
-252
In base 12, what is b80 - 1?
b7b
In base 6, what is 110515 - 0?
110515
In base 11, what is 1 - 515?
-514
In base 10, what is 126 + -52?
74
In base 16, what is 5 - -49?
4e
In base 13, what is -82c - 3?
-832
In base 7, what is -1 - 6623?
-6624
In base 8, what is 1434 + 1?
1435
In base 8, what is 4 - 6465?
-6461
In base 8, what is 47 + -2?
45
In base 8, what is -1260 - 5?
-1265
In base 14, what is 22a0 - -5?
22a5
In base 2, what is -1000 - -111001?
110001
In base 10, what is -777 - 5?
-782
In base 7, what is -4 + -121?
-125
In base 13, what is 1804 + 4?
1808
In base 8, what is -3 - -1710?
1705
In base 12, what is 11 + 11?
22
In base 8, what is -3 - 3355?
-3360
In base 10, what is 24069 + 4?
24073
In base 7, what is -61 - -54?
-4
In base 16, what is -2 + 91?
8f
In base 8, what is 11261 + -2?
11257
In base 14, what is 5 + -1275?
-1270
In base 9, what is -102 - 11?
-113
In base 8, what is -25 + -160?
-205
In base 9, what is -5 - 1065?
-1071
In base 4, what is -1022 + -2?
-1030
In base 6, what is -21052 + -5?
-21101
In base 15, what is -900 + -6?
-906
In base 4, what is 10 - -1100231?
1100301
In base 15, what is 57 + 2?
59
In base 2, what is -10111 - 10010?
-101001
In base 2, what is 1011 + 11100?
100111
In base 5, what is 320 - 0?
320
In base 10, what is -927 + 16?
-911
In base 13, what is 40 + 8?
48
In base 4, what is 2100 + 2?
2102
In base 5, what is 3432 + 4?
3441
In base 15, what is 117 - 3?
114
In base 15, what is -359d - 2?
-35a0
In base 13, what is 61 + 4?
65
In base 16, what is -2 + -21a?
-21c
In base 11, what is 181 - 2?
17a
In base 12, what is -872 - -4?
-86a
In base 4, what is -100 + 10031?
3331
In base 11, what is 34 - -25?
59
In base 14, what is 5 + 23?
28
In base 5, what is -23 + 1014?
441
In base 6, what is -1043 + -333?
-1420
In base 3, what is 2222 + 11?
10010
In base 11, what is 0 - 275?
-275
In base 12, what is 2 - -133?
135
In base 12, what is 19b9 + -5?
19b4
In base 6, what is -40 + 23?
-13
In base 13, what is 2 + 6b8?
6ba
In base 15, what is 1d9 + 2?
1db
In base 3, what is 2 + -211?
-202
In base 9, what is 2 - 244?
-242
In base 7, what is 44 - 1?
43
In base 16, what is 1a + -4?
16
In base 16, what is -3e + 0?
-3e
In base 11, what is -107a + 2?
-1078
In base 7, what is 4 - 1621?
-1614
In base 10, what is 623 - 1?
622
In base 9, what is 2230 + -2?
2227
In base 16, what is 4b + d?
58
In base 10, what is 0 + 29?
29
In base 15, what is 1 + -68?
-67
In base 15, what is 19d - c?
191
In base 14, what is 2 + -20?
-1c
In base 9, what is 3 + -3683?
-3680
In base 2, what is 1111011000 - -10?
1111011010
In base 15, what is -390 + 6?
-389
In base 3, what is 102 + 1?
110
In base 5, what is 14 - -11?
30
In base 14, what is 11c + 1?
11d
In base 6, what is -11 - -1?
-10
In base 10, what is -1019 + -2?
-1021
In base 4, what is -223 + 2020?
1131
In base 15, what is -a - -9?
-1
In base 4, what is 30313 - 10?
30303
In base 13, what is -6 + -4b?
-54
In base 4, what is -32 + 23?
-3
In base 11, what is -6 + 42?
37
In base 8, what is 6 - 3070?
-3062
In base 10, what is 3 + 107?
110
In base 6, what is 2 + -5413?
-5411
In base 4, what is 20 + 131?
211
In base 14, what is -4 - -5c?
58
In base 10, what is 2 - -1701?
1703
In base 12, what is 82 - 3?
7b
In base 3, what is 1 - -10220221?
10220222
In base 15, what is 1 - -e1?
e2
In base 11, what is -115 - -38?
-88
In base 11, what is -6830 + -4?
-6834
In base 5, what is -23041 + -11?
-23102
In base 11, what is -2 + -130?
-132
In base 13, what is b - -6a6?
6b4
In base 13, what is 4 - 24?
-20
In base 10, what is -5 - 108?
-113
In base 11, what is -1889 + -3?
-1891
In base 15, what is b - -3?
e
In base 11, what is 239 + -1?
238
In base 14, what is -1 + -1b0c?
-1b0d
In base 16, what is 5e + 5?
63
In base 14, what is 1b1c - 3?
1b19
In base 9, what is 5 + -201?
-185
In base 3, what is -101212 + 22?
-101120
In base 15, what is 5eb + 3?
5ee
In base 15, what is 761 + 5?
766
In base 12, what is 2a - a?
20
In base 4, what is -3 + 11?
2
In base 11, what is 26 - -251?
277
In base 5, what is -1112400 + 3?
-1112342
In base 10, what is -235 + 1?
-234
In base 3, what is -2220022 - -2?
-2220020
In base 16, what is 1ca7 - 2?
1ca5
In base 11, what is -125 - -2?
-123
In base 6, what is 1211 - 4?
1203
In base 2, what is -1000 + 10111?
1111
In base 13, what is 8 + -28?
-20
In base 7, what is -200 + -344?
-544
In base 15, what is -1 + 1692?
1691
In base 12, what is 4 + 61a?
622
In base 2, what is -110001010100 + -100?
-110001011000
In base 11, what is 4 - -1079?
1082
In base 13, what is -793 - 3?
-796
In base 3, what is -11 - 2010?
-2021
In base 5, what is 334 + 0?
334
In base 16, what is -5 - 60?
-65
In base 14, what is 1 - -22?
23
In base 14, what is a + -1882?
-1876
In base 11, what is -179 - -5?
-174
In base 7, what is -4 + -406?
-413
In base 2, what is 10011100 - -1110?
10101010
In base 11, what is 4 + -1046?
-1042
In base 3, what is -10201 - -12?
-10112
In base 8, what is 1443 - 1?
1442
In base 16, what is 25 - 7?
1e
In base 10, what is 4 + -2818?
-2814
In base 2, what is 1001110 - -1000?
1010110
In base 10, what is 46 - 33?
13
In base 2, what is 100010 + 101?
100111
In base 3, what is 12 - -211102?
211121
In base 2, what is 110101 - -10110?
1001011
In base 12, what is 1 - -1973?
1974
In base 11, what is -188 - -2?
-186
In base 9, what is 14 + 1451?
1465
In base 16, what is -3 - -ad?
aa
In base 8, what is 14 - 133?
-117
In base 8, what is 1 - -2563?
2564
In base 3, what is -2 + -10122?
-10201
In base 5, what is -1 + -221?
-222
In base 13, what is 0 + -9a?
-9a
In base 4, what is -2030 + -1?
-2031
In base 14, what is -6 - -19?
13
In base 11, what is 11 - -2a9?
30a
In base 12, what is -48 - 5?
-51
In base 10, what is -1053 - 0?
-1053
In base 16, what is 3 + -441?
-43e
In base 2, what is -10 + 1011101?
1011011
In base 4, what is 2322 + 100?
3022
In base 15, what is -1a37 - -4?
-1a33
In base 15, what is 9 + -376?
-36c
In base 13, what is -412 + -2?
-414
In base 15, what is 1be9 + 0?
1be9
In base 4, what is -12 + 120?
102
In base 12, what is -1622 - 4?
-1626
In base 16, what is -7a - 0?
-7a
In base 6, what is -4 + 300?
252
In base 8, what is -2 + -666?
-670
In base 14, what is 5 + 23?
28
In base 12, what is -4 + -74?
-78
In base 12, what is -2a - -8?
-22
In base 3, what is 1111 - -200?
2011
In base 12, what is 64 + -1?
63
In base 10, what is -88 - -3?
-85
In base 14, what is -4 + 1560?
155a
In base 13, what is -4b52 - 5?
-4b57
In base 7, what is -53501 + 4?
-53464
In base 5, what is 242012 - -1?
242013
In base 15, what is -3 + 5?
2
In base 8, what is -53 + 162?
107
In base 10, what is 50 - -4?
54
In base 13, what is 0 + 43?
43
In base 16, what is 38 + 0?
38
In base 16, what is 7be + 4?
7c2
In base 8, what is -4 + 31?
25
In base 12, what is -a - 151?
-15b
In base 2, what is 10011111 + 1?
10100000
In base 4, what is -11 - -11023?
11012
In base 14, what is -a7 + -7?
-b0
In base 11, what is -26 + -a5?
-120
In base 6, what is 3 - 223?
-220
In base 10, what is 76 + 2?
78
In base 13, what is 5 + -ccb?
-cc6
In base 9, what is -231 - 6?
-237
In base 14, what is 4 - 0?
4
In base 12, what is -5 + 76?
71
In base 11, what is -16113 - -1?
-16112
In base 6, what is -3 + 52321?
52314
In base 2, what is 100 - -10001100?
10010000
In base 6, what is -24 - -25?
1
In base 9, what is 213 - -5?
218
In base 14, what is 22 + 3?
25
In base 8, what is -1 - 420?
-421
In base 5, what is 12 + -20?
-3
In base 11, what is -2aaa + 2?
-2aa8
In base 7